 9) in base 4?
-1
321 (base 4) to base 8
71
What is 13 (base 5) in base 9?
8
What is 1 (base 14) in base 13?
1
Convert 10101001 (base 2) to base 7.
331
-92 (base 11) to base 3
-10202
-111 (base 5) to base 8
-37
-9 (base 12) to base 16
-9
Convert -201 (base 10) to base 16.
-c9
-32 (base 12) to base 5
-123
-4 (base 14) to base 13
-4
What is -20 (base 4) in base 12?
-8
-3103 (base 4) to base 10
-211
What is -11 (base 9) in base 11?
-a
87 (base 9) to base 12
67
1 (base 12) to base 16
1
Convert -6 (base 7) to base 14.
-6
11 (base 16) to base 7
23
What is -2 (base 10) in base 2?
-10
Convert 2 (base 10) to base 6.
2
What is -263 (base 11) in base 2?
-100110111
-55 (base 14) to base 3
-2210
2 (base 10) to base 3
2
Convert -27 (base 12) to base 2.
-11111
102 (base 3) to base 8
13
Convert -3 (base 9) to base 12.
-3
Convert -34 (base 6) to base 11.
-20
1 (base 14) to base 3
1
What is 266 (base 7) in base 2?
10010010
-d (base 14) to base 8
-15
Convert -22 (base 12) to base 7.
-35
Convert 13 (base 4) to base 12.
7
-42 (base 11) to base 14
-34
Convert -25 (base 9) to base 10.
-23
Convert 257 (base 8) to base 7.
340
Convert -4 (base 7) to base 3.
-11
-101 (base 2) to base 5
-10
What is -133 (base 10) in base 7?
-250
What is 4 (base 7) in base 14?
4
Convert 44 (base 6) to base 9.
31
Convert 2 (base 13) to base 4.
2
-1 (base 16) to base 3
-1
Convert 136 (base 7) to base 4.
1030
96 (base 10) to base 4
1200
What is 21 (base 3) in base 16?
7
Convert 104 (base 6) to base 9.
44
Convert -54 (base 11) to base 12.
-4b
0 (base 16) to base 7
0
What is 6b (base 16) in base 11?
98
What is 7 (base 16) in base 12?
7
Convert -11 (base 15) to base 8.
-20
What is 22 (base 3) in base 12?
8
Convert -131 (base 14) to base 7.
-461
What is 85 (base 16) in base 5?
1013
What is 14 (base 6) in base 10?
10
Convert -201 (base 4) to base 8.
-41
What is -33 (base 16) in base 12?
-43
-60 (base 8) to base 16
-30
-1 (base 12) to base 10
-1
What is 3 (base 14) in base 12?
3
Convert -32 (base 11) to base 3.
-1022
Convert 111 (base 9) to base 14.
67
What is 15 (base 14) in base 16?
13
What is 13 (base 4) in base 15?
7
-5 (base 13) to base 9
-5
What is 3 (base 5) in base 14?
3
Convert 11 (base 15) to base 16.
10
Convert 1 (base 8) to base 12.
1
Convert 22 (base 5) to base 16.
c
Convert -7e (base 15) to base 10.
-119
What is 10000111 (base 2) in base 15?
90
Convert 22 (base 7) to base 16.
10
-10110 (base 2) to base 9
-24
Convert -a2 (base 13) to base 3.
-11220
Convert 356 (base 9) to base 3.
101220
-1a (base 14) to base 13
-1b
What is 3 (base 11) in base 3?
10
Convert 5 (base 14) to base 15.
5
32 (base 4) to base 3
112
What is 5 (base 14) in base 9?
5
What is -2 (base 14) in base 16?
-2
Convert 236 (base 7) to base 14.
8d
-2113 (base 4) to base 13
-b8
-5 (base 11) to base 9
-5
What is 18a (base 12) in base 14?
13c
What is 0 (base 2) in base 10?
0
What is 101 (base 7) in base 8?
62
Convert -13 (base 7) to base 3.
-101
-1 (base 16) to base 2
-1
Convert -11a (base 15) to base 10.
-250
-1 (base 10) to base 4
-1
What is -1 (base 4) in base 9?
-1
32 (base 10) to base 7
44
What is 1 (base 10) in base 15?
1
What is 4 (base 8) in base 11?
4
3 (base 5) to base 9
3
-1 (base 8) to base 11
-1
What is 21 (base 12) in base 16?
19
What is 92 (base 11) in base 14?
73
-100110 (base 2) to base 13
-2c
Convert 11 (base 16) to base 10.
17
2 (base 14) to base 11
2
What is -20 (base 9) in base 3?
-200
Convert -16 (base 13) to base 5.
-34
What is 7e (base 16) in base 2?
1111110
What is -4 (base 15) in base 12?
-4
What is e (base 16) in base 13?
11
-38 (base 14) to base 13
-3b
What is -226 (base 10) in base 7?
-442
Convert -202 (base 6) to base 7.
-134
What is 3 (base 5) in base 12?
3
What is -3 (base 5) in base 12?
-3
What is 25 (base 14) in base 11?
30
What is -145 (base 6) in base 7?
-122
Convert -312 (base 8) to base 4.
-3022
148 (base 16) to base 5
2303
Convert -1 (base 10) to base 9.
-1
What is -9 (base 14) in base 9?
-10
Convert 2 (base 11) to base 15.
2
Convert 11 (base 4) to base 15.
5
8 (base 11) to base 10
8
What is -333 (base 4) in base 5?
-223
What is 36 (base 14) in base 5?
143
What is -6 (base 8) in base 5?
-11
Convert -1000000 (base 2) to base 8.
-100
Convert -10 (base 13) to base 6.
-21
What is -172 (base 8) in base 7?
-233
4 (base 16) to base 15
4
What is -2 (base 13) in base 3?
-2
Convert -14 (base 5) to base 16.
-9
-54 (base 15) to base 2
-1001111
What is aa (base 14) in base 7?
303
What is -7 (base 13) in base 16?
-7
What is -44 (base 15) in base 2?
-1000000
10000 (base 2) to base 4
100
What is -25 (base 8) in base 14?
-17
Convert -10010000 (base 2) to base 14.
-a4
155 (base 15) to base 10
305
Convert 2323 (base 4) to base 5.
1222
What is -21 (base 4) in base 5?
-14
Convert 65 (base 9) to base 15.
3e
-3 (base 9) to base 16
-3
Convert 1b (base 15) to base 10.
26
Convert 1 (base 10) to base 3.
1
-6 (base 14) to base 4
-12
-48 (base 9) to base 3
-1122
3 (base 13) to base 6
3
Convert 127 (base 13) to base 8.
312
Convert 7 (base 15) to base 12.
7
What is 14 (base 8) in base 11?
11
What is -23 (base 13) in base 7?
-41
What is 202 (base 3) in base 16?
14
Convert -3 (base 10) to base 6.
-3
-b0 (base 13) to base 5
-1033
What is 29 (base 11) in base 15?
21
161 (base 14) to base 9
342
10 (base 2) to base 13
2
Convert 4 (base 15) to base 5.
4
What is 3 (base 7) in base 6?
3
Convert -114 (base 5) to base 8.
-42
4 (base 16) to base 2
100
Convert 1 (base 7) to base 13.
1
Convert 443 (base 5) to base 7.
234
2110 (base 3) to base 8
102
122 (base 5) to base 3
1101
Convert -4 (base 16) to base 2.
-100
-31 (base 4) to base 9
-14
Convert 9d (base 15) to base 16.
94
What is -20 (base 10) in base 4?
-110
-2 (base 14) to base 2
-10
What is -121 (base 16) in base 4?
-10201
What is 16 (base 14) in base 7?
26
110 (base 9) to base 14
66
What is 3 (base 10) in base 7?
3
Convert f (base 16) to base 7.
21
-515 (base 6) to base 2
-10111111
Convert 1 (base 7) to base 6.
1
10 (base 6) to base 7
6
Convert 53 (base 7) to base 12.
32
205 (base 6) to base 10
77
Convert 110 (base 3) to base 11.
11
-2 (base 10) to base 14
-2
-4 (base 15) to base 13
-4
7 (base 13) to base 11
7
Convert -103 (base 5) to base 7.
-40
Convert -28 (base 11) to base 12.
-26
Convert 2 (base 13) to base 15.
2
-11 (base 2) to base 15
-3
What is 8 (base 15) in base 5?
13
-16 (base 7) to base 3
-111
Convert -2 (base 14) to base 6.
-2
-1 (base 12) to base 16
-1
What is 2 (base 4) in base 9?
2
-1a4 (base 11) to base 3
-22201
1 (base 11) to base 9
1
0 (base 3) to base 15
0
What is 5 (base 6) in base 4?
11
4 (base 14) to base 7
4
0 (base 16) to base 9
0
What is -12 (base 9) in base 12?
-b
What is 6 (base 10) in base 13?
6
What is 6 (base 10) in base 5?
11
Convert 1232 (base 4) to base 16.
6e
0 (base 13) to base 7
0
450 (base 6) to base 5
1144
4 (base 7) to base 11
4
Convert -164 (base 8) to base 12.
-98
What is 2 (base 10) in base 15?
2
14 (base 9) to base 16
d
Convert -4 (base 15) to base 13.
-4
What is -102121 (base 3) in base 5?
-2223
Convert 1115 (base 6) to base 7.
524
1111 (base 2) to base 14
11
-7 (base 12) to base 3
-21
-4 (base 5) to base 16
-4
-19 (base 16) to base 5
-100
Convert 4 (base 15) to base 6.
4
Convert -3 (base 12) to base 14.
-3
Convert 62 (base 8) to base 12.
42
-13 (base 12) to base 3
-120
-1 (base 2) to base 7
-1
1 (base 8) to base 11
1
Convert 108 (base 10) to base 14.
7a
Convert 8 (base 14) to base 6.
12
-1103 (base 7) to base 5
-3040
-432 (base 6) to base 16
-a4
22020 (base 3) to base 4
3132
What is 1 (base 14) in base 15?
1
-4 (base 16) to base 11
-4
Convert 5 (base 8) to base 16.
5
Convert -282 (base 9) to base 7.
-455
-186 (base 13) to base 15
-139
What is a (base 12) in base 14?
a
53 (base 8) to base 9
47
Convert -1 (base 15) to base 6.
-1
What is -122 (base 4) in base 6?
-42
Convert -10 (base 2) to base 7.
-2
What is 3 (base 8) in base 14?
3
Convert 24 (base 10) to base 5.
44
-30 (base 4) to base 11
-11
Convert -98 (base 16) to base 3.
-12122
Convert -3 (base 11) to base 7.
-3
What is 101 (base 14) in base 4?
3011
Convert 8 (base 12) to base 10.
8
4 (base 5) to base 12
4
What is -20 (base 9) in base 12?
-16
What is b (base 15) in base 12?
b
-4 (base 16) to base 7
-4
35 (base 7) to base 10
26
What is 1000 (base 2) in base 11?
8
Convert 63